alculate the remainder when 158832766 is divided by 7941637.
26
Calculate the remainder when 321270 is divided by 355.
350
What is the remainder when 3682 is divided by 1697?
288
What is the remainder when 1546478 is divided by 2447?
2421
Calculate the remainder when 1115679 is divided by 24253.
41
What is the remainder when 1359409 is divided by 679697?
15
Calculate the remainder when 3059722075 is divided by 1414.
1411
Calculate the remainder when 45001261 is divided by 485.
51
Calculate the remainder when 4538376 is divided by 3132.
108
Calculate the remainder when 176189 is divided by 58553.
530
Calculate the remainder when 129575 is divided by 43100.
275
Calculate the remainder when 46016584 is divided by 837.
835
What is the remainder when 21511514 is divided by 3?
2
Calculate the remainder when 1419433 is divided by 354853.
21
What is the remainder when 2376 is divided by 313?
185
Calculate the remainder when 7983159 is divided by 11.
8
Calculate the remainder when 51124 is divided by 2823.
310
Calculate the remainder when 1776319 is divided by 56.
55
What is the remainder when 299541 is divided by 99718?
387
Calculate the remainder when 80225990 is divided by 10066.
10036
What is the remainder when 582807 is divided by 509?
2
What is the remainder when 6122828 is divided by 222?
68
What is the remainder when 5507065 is divided by 305948?
1
What is the remainder when 909052 is divided by 1829?
39
What is the remainder when 24075864 is divided by 149?
146
Calculate the remainder when 1883854 is divided by 470467.
1986
Calculate the remainder when 19075 is divided by 9024.
1027
Calculate the remainder when 189042 is divided by 63003.
33
Calculate the remainder when 462201 is divided by 2241.
555
What is the remainder when 14476942 is divided by 891?
865
What is the remainder when 1482886 is divided by 13?
2
Calculate the remainder when 3856549 is divided by 56.
53
What is the remainder when 34944 is divided by 5806?
108
What is the remainder when 711823 is divided by 4505?
33
What is the remainder when 1610789 is divided by 8754?
53
Calculate the remainder when 126894 is divided by 11535.
9
What is the remainder when 159405 is divided by 848?
829
What is the remainder when 2048330 is divided by 11?
9
What is the remainder when 4174270 is divided by 2120?
2110
What is the remainder when 153439 is divided by 1917?
79
Calculate the remainder when 660554 is divided by 4857.
2
What is the remainder when 46603474 is divided by 331?
329
Calculate the remainder when 164447 is divided by 270.
17
What is the remainder when 45503 is divided by 45366?
137
What is the remainder when 420146 is divided by 277?
214
What is the remainder when 1196031 is divided by 246?
225
Calculate the remainder when 34180105 is divided by 1588.
1581
Calculate the remainder when 8115639 is divided by 222.
207
What is the remainder when 7002 is divided by 6111?
891
Calculate the remainder when 3859936 is divided by 2457.
2446
What is the remainder when 239071 is divided by 4048?
239
Calculate the remainder when 240493 is divided by 659.
617
Calculate the remainder when 878129 is divided by 15140.
9
Calculate the remainder when 95000 is divided by 4746.
80
Calculate the remainder when 188918 is divided by 197.
192
What is the remainder when 9457028 is divided by 275?
53
Calculate the remainder when 2691875009 is divided by 33.
32
What is the remainder when 17170897 is divided by 1717085?
47
Calculate the remainder when 31879225 is divided by 449003.
12
Calculate the remainder when 609303074 is divided by 203101023.
5
What is the remainder when 464344865 is divided by 18?
17
What is the remainder when 3192010 is divided by 67?
63
What is the remainder when 9704249 is divided by 344?
9
Calculate the remainder when 3970597 is divided by 397054.
57
Calculate the remainder when 2145161 is divided by 35.
11
Calculate the remainder when 365940 is divided by 14635.
65
What is the remainder when 48067 is divided by 3098?
1597
What is the remainder when 17967 is divided by 8429?
1109
Calculate the remainder when 22303904 is divided by 3736.
3720
What is the remainder when 467521684 is divided by 1514?
1512
Calculate the remainder when 14560077 is divided by 3193.
3190
What is the remainder when 435037 is divided by 1026?
13
What is the remainder when 72852 is divided by 23112?
3516
Calculate the remainder when 90062 is divided by 147.
98
What is the remainder when 4979984 is divided by 102?
38
What is the remainder when 24508421 is divided by 4324?
4313
What is the remainder when 333464 is divided by 248?
152
What is the remainder when 36344180 is divided by 607?
55
Calculate the remainder when 17113134 is divided by 101.
98
Calculate the remainder when 6394697 is divided by 646.
589
Calculate the remainder when 63671 is divided by 21059.
494
What is the remainder when 2662679 is divided by 20482?
19
Calculate the remainder when 27089 is divided by 27013.
76
Calculate the remainder when 5492717 is divided by 977.
23
What is the remainder when 13966918 is divided by 792?
790
Calculate the remainder when 2067904 is divided by 642.
22
Calculate the remainder when 1661379 is divided by 553.
167
What is the remainder when 537364 is divided by 20663?
126
What is the remainder when 4769348 is divided by 3032?
12
Calculate the remainder when 8377354 is divided by 22.
18
Calculate the remainder when 2882627 is divided by 48.
35
Calculate the remainder when 1622575 is divided by 970.
735
Calculate the remainder when 25914900 is divided by 498362.
76
Calculate the remainder when 257976 is divided by 405.
396
What is the remainder when 2773388 is divided by 573?
68
What is the remainder when 535680 is divided by 669?
480
What is the remainder when 31797267 is divided by 12494?
37
Calculate the remainder when 254326 is divided by 1200.
1126
Calculate the remainder when 51556 is divided by 11849.
4160
Calculate the remainder when 5063569 is divided by 699.
13
What is the remainder when 72173751 is divided by 333?
330
What is the remainder when 1942408 is divided by 12?
4
Calculate the remainder when 124061089 is divided by 5393960.
9
Calculate the remainder when 101786997 is divided by 350.
347
What is the remainder when 2202475 is divided by 200216?
99
What is the remainder when 510650 is divided by 2672?
298
What is the remainder when 120110 is divided by 2855?
200
Calculate the remainder when 1003133 is divided by 167176.
77
Calculate the remainder when 28897195 is divided by 843.
841
Calculate the remainder when 188053783 is divided by 156.
151
Calculate the remainder when 48039650 is divided by 197694.
8
Calculate the remainder when 63137248 is divided by 30.
28
What is the remainder when 1034680 is divided by 27?
13
Calculate the remainder when 127575302 is divided by 11.
8
What is the remainder when 368151 is divided by 3221?
957
What is the remainder when 1085625 is divided by 1862?
79
What is the remainder when 14530505 is divided by 1310?
1295
Calculate the remainder when 539835 is divided by 133.
121
What is the remainder when 61022687 is divided by 898?
893
What is the remainder when 5798934 is divided by 527163?
141
Calculate the remainder when 581754 is divided by 145413.
102
What is the remainder when 13038067 is divided by 2172993?
109
Calculate the remainder when 40226444 is divided by 3805.
3789
Calculate the remainder when 157361 is divided by 52219.
704
Calculate the remainder when 6851414 is divided by 1334.
1324
Calculate the remainder when 1681007 is divided by 32327.
3
What is the remainder when 2075613 is divided by 37?
24
Calculate the remainder when 5243660 is divided by 118.
94
What is the remainder when 1063211 is divided by 62524?
303
What is the remainder when 192463 is divided by 304?
31
Calculate the remainder when 114438 is divided by 8801.
25
Calculate the remainder when 106091 is divided by 651.
629
What is the remainder when 34689481 is divided by 110476?
17
What is the remainder when 72652 is divided by 877?
738
Calculate the remainder when 1055617 is divided by 639.
628
Calculate the remainder when 180753 is divided by 266.
139
What is the remainder when 12119 is divided by 46?
21
What is the remainder when 98140514 is divided by 28250?
14
What is the r